ighest common factor of 1248 and 1994592.
96
Calculate the highest common divisor of 4739 and 205131.
677
Calculate the greatest common factor of 1920 and 588.
12
Calculate the greatest common factor of 13833 and 6786.
261
Calculate the greatest common divisor of 444 and 1356.
12
Calculate the greatest common divisor of 41112 and 2202.
6
Calculate the greatest common divisor of 112 and 53816.
56
What is the highest common divisor of 1750 and 7966?
14
What is the greatest common divisor of 2990 and 6955?
65
What is the highest common divisor of 14171 and 333?
37
Calculate the highest common divisor of 6035 and 105080.
355
Calculate the highest common divisor of 17996 and 704.
44
What is the highest common divisor of 33 and 2620959?
33
Calculate the greatest common factor of 37520 and 1008.
112
Calculate the greatest common divisor of 207012 and 507.
39
Calculate the highest common divisor of 630 and 26960.
10
What is the greatest common divisor of 13 and 159666?
13
Calculate the highest common divisor of 2238 and 948.
6
Calculate the greatest common divisor of 6629699 and 914.
457
What is the highest common divisor of 91638 and 30?
6
What is the highest common divisor of 36225 and 900?
225
What is the highest common factor of 3705 and 4017?
39
Calculate the greatest common divisor of 111739 and 95.
19
Calculate the greatest common factor of 9369 and 1161.
27
Calculate the greatest common factor of 69586 and 44.
22
What is the greatest common factor of 3813 and 1643?
31
What is the highest common divisor of 5114184 and 12?
12
What is the greatest common divisor of 42 and 23583?
21
Calculate the greatest common divisor of 5451 and 4498892.
1817
What is the highest common factor of 15 and 212?
1
Calculate the greatest common factor of 97790 and 254.
254
Calculate the highest common divisor of 3 and 1047.
3
Calculate the greatest common divisor of 79 and 21.
1
Calculate the greatest common factor of 38740 and 310.
10
What is the highest common divisor of 1182 and 164692?
394
What is the highest common divisor of 22293 and 108?
9
What is the greatest common factor of 777480 and 155?
155
Calculate the highest common factor of 8610 and 210.
210
Calculate the highest common factor of 166992 and 147.
147
What is the greatest common factor of 1790684 and 496?
124
Calculate the highest common factor of 57134 and 20564.
106
What is the greatest common factor of 189 and 885297?
21
What is the highest common factor of 108744 and 3036?
276
Calculate the highest common divisor of 121625 and 4031.
139
Calculate the greatest common divisor of 324 and 559836.
36
Calculate the greatest common divisor of 2799 and 110405.
311
What is the highest common divisor of 19150 and 50?
50
What is the greatest common divisor of 3774 and 760002?
102
Calculate the highest common divisor of 1878 and 10955.
313
What is the greatest common divisor of 148536 and 72?
72
Calculate the highest common divisor of 114 and 17404.
38
What is the greatest common factor of 618 and 34402?
206
Calculate the greatest common factor of 418 and 26942.
38
What is the greatest common factor of 482 and 5949326?
482
What is the greatest common factor of 7296 and 18?
6
What is the greatest common divisor of 144 and 213840?
144
What is the greatest common factor of 7898 and 7744?
22
Calculate the highest common divisor of 61772 and 8.
4
What is the greatest common factor of 2773 and 22479?
59
What is the greatest common divisor of 16815 and 2280?
285
Calculate the highest common factor of 433335 and 21.
21
Calculate the greatest common divisor of 979576 and 416.
104
What is the greatest common factor of 816877 and 565?
113
Calculate the highest common factor of 4658 and 5206.
274
Calculate the highest common divisor of 139 and 659.
1
Calculate the greatest common factor of 328179 and 787.
787
What is the greatest common factor of 1271 and 64329?
41
Calculate the greatest common divisor of 1355 and 28.
1
Calculate the highest common divisor of 81 and 37377.
9
What is the highest common factor of 451 and 1914?
11
What is the highest common divisor of 38864 and 56?
56
Calculate the greatest common factor of 94041 and 645.
129
What is the highest common factor of 106 and 34079?
53
What is the highest common divisor of 49470 and 109610?
970
Calculate the highest common factor of 9092 and 1468.
4
Calculate the highest common factor of 1584 and 61704.
72
Calculate the highest common divisor of 597 and 1054899.
597
What is the highest common divisor of 33672 and 48?
24
What is the highest common divisor of 3277 and 12238?
29
What is the highest common factor of 36600 and 1800?
600
What is the greatest common factor of 281 and 185179?
281
Calculate the greatest common factor of 360 and 18936.
72
What is the highest common factor of 6798 and 143376?
618
What is the greatest common divisor of 850 and 302?
2
Calculate the highest common divisor of 15655 and 1891.
31
Calculate the greatest common factor of 2 and 243.
1
What is the highest common divisor of 48 and 23916?
12
What is the greatest common divisor of 17570 and 350?
70
Calculate the highest common factor of 39491 and 92.
23
Calculate the highest common divisor of 222178 and 176.
22
What is the highest common factor of 99484 and 17?
17
What is the greatest common factor of 24 and 4685112?
24
What is the greatest common factor of 118125 and 8505?
945
What is the highest common divisor of 983440 and 570?
190
What is the highest common divisor of 115920 and 14?
14
Calculate the greatest common factor of 165256 and 91.
91
What is the highest common factor of 451784 and 2?
2
What is the highest common divisor of 65 and 1560533?
13
What is the greatest common factor of 622188 and 18?
18
Calculate the greatest common factor of 1677 and 398008.
559
What is the greatest common divisor of 10932 and 84?
12
What is the greatest common divisor of 90244 and 2464?
308
What is the highest common factor of 90 and 4935?
15
What is the highest common divisor of 209 and 11341?
11
What is the greatest common factor of 2540 and 107188?
508
What is the highest common divisor of 162 and 41214?
6
Calculate the greatest common factor of 2045 and 32311.
409
What is the highest common divisor of 1428 and 7973?
119
Calculate the greatest common divisor of 55 and 11905.
5
Calculate the greatest common divisor of 861660 and 36.
36
Calculate the highest common factor of 8 and 72176.
8
What is the greatest common divisor of 368 and 15245504?
368
What is the greatest common divisor of 872389 and 42?
7
What is the highest common divisor of 6483192 and 72?
24
Calculate the greatest common divisor of 2706752 and 64.
64
Calculate the greatest common factor of 292 and 591446.
146
What is the highest common divisor of 9480 and 75?
15
What is the highest common factor of 21 and 172851?
21
Calculate the highest common divisor of 446 and 16.
2
What is the highest common factor of 2771145 and 3158?
1579
Calculate the highest common divisor of 3177 and 144.
9
What is the greatest common factor of 2170155 and 39?
39
Calculate the highest common divisor of 242063 and 986.
493
What is the greatest common factor of 408 and 4624476?
204
Calculate the highest common factor of 74579 and 9061.
697
What is the highest common divisor of 11147 and 5181?
157
Calculate the highest common divisor of 23031 and 837.
27
What is the greatest common factor of 561 and 12716?
187
What is the highest common divisor of 3160297 and 9445?
1889
Calculate the highest common divisor of 2448 and 2498796.
612
What is the highest common factor of 171606 and 2109?
111
Calculate the highest common factor of 25789 and 6919.
629
Calculate the highest common factor of 68999 and 42.
7
Calculate the highest common divisor of 650 and 1295150.
50
Calculate the greatest common divisor of 78236 and 28.
4
What is the highest common divisor of 762 and 1194?
6
Calculate the highest common divisor of 116818 and 2158.
26
Calculate the greatest common divisor of 6776 and 1.
1
Calculate the greatest common factor of 1619289 and 126.
63
Calculate the highest common factor of 2536 and 699302.
634
What is the highest common factor of 794 and 1587206?
794
What is the highest common factor of 6938578 and 1466?
1466
What is the highest common divisor